s the remainder when 87872 is divided by 433?
406
Calculate the remainder when 77051 is divided by 3669.
2
Calculate the remainder when 2171318 is divided by 393.
386
What is the remainder when 399094 is divided by 746?
730
Calculate the remainder when 8308 is divided by 84.
76
What is the remainder when 20749 is divided by 16?
13
Calculate the remainder when 168952 is divided by 722.
4
What is the remainder when 34515 is divided by 585?
0
Calculate the remainder when 38677 is divided by 302.
21
Calculate the remainder when 23230 is divided by 117.
64
What is the remainder when 2755 is divided by 856?
187
Calculate the remainder when 180678 is divided by 28.
22
Calculate the remainder when 1506256 is divided by 35.
31
What is the remainder when 176217 is divided by 30?
27
What is the remainder when 2843 is divided by 138?
83
What is the remainder when 6667884 is divided by 59?
58
Calculate the remainder when 187512 is divided by 96.
24
Calculate the remainder when 41644 is divided by 41640.
4
What is the remainder when 1004404 is divided by 110?
104
What is the remainder when 32909 is divided by 211?
204
Calculate the remainder when 4918 is divided by 1204.
102
What is the remainder when 1246878 is divided by 623424?
30
What is the remainder when 405 is divided by 236?
169
What is the remainder when 79923 is divided by 15984?
3
Calculate the remainder when 65266 is divided by 3625.
16
Calculate the remainder when 10314 is divided by 100.
14
Calculate the remainder when 767426 is divided by 169.
166
Calculate the remainder when 3915 is divided by 977.
7
What is the remainder when 566670 is divided by 428?
426
What is the remainder when 26847 is divided by 1220?
7
What is the remainder when 1447 is divided by 1305?
142
What is the remainder when 266926 is divided by 303?
286
What is the remainder when 11597 is divided by 283?
277
What is the remainder when 34166 is divided by 54?
38
What is the remainder when 26933255 is divided by 84?
83
Calculate the remainder when 23307 is divided by 7738.
93
Calculate the remainder when 29820 is divided by 41.
13
Calculate the remainder when 4118 is divided by 102.
38
What is the remainder when 10423 is divided by 208?
23
Calculate the remainder when 2756 is divided by 960.
836
Calculate the remainder when 117527 is divided by 39.
20
What is the remainder when 2881 is divided by 151?
12
Calculate the remainder when 13366 is divided by 6671.
24
Calculate the remainder when 70198 is divided by 960.
118
Calculate the remainder when 9051 is divided by 8880.
171
Calculate the remainder when 14067 is divided by 14.
11
What is the remainder when 12326 is divided by 15?
11
What is the remainder when 138480 is divided by 610?
10
What is the remainder when 1151715 is divided by 13?
6
What is the remainder when 1833 is divided by 107?
14
Calculate the remainder when 55704 is divided by 13921.
20
What is the remainder when 1138813 is divided by 177?
172
What is the remainder when 6231 is divided by 1038?
3
Calculate the remainder when 940 is divided by 419.
102
Calculate the remainder when 29741 is divided by 595.
586
What is the remainder when 3162 is divided by 61?
51
What is the remainder when 393302 is divided by 393293?
9
What is the remainder when 4328 is divided by 59?
21
What is the remainder when 8728 is divided by 47?
33
Calculate the remainder when 206638 is divided by 21.
19
Calculate the remainder when 699 is divided by 22.
17
What is the remainder when 1721 is divided by 431?
428
What is the remainder when 35332 is divided by 18?
16
What is the remainder when 8845 is divided by 354?
349
Calculate the remainder when 6559 is divided by 89.
62
Calculate the remainder when 6602 is divided by 346.
28
Calculate the remainder when 46903 is divided by 1606.
329
Calculate the remainder when 377112 is divided by 701.
675
What is the remainder when 61417 is divided by 10172?
385
Calculate the remainder when 2642 is divided by 2.
0
Calculate the remainder when 434685 is divided by 51.
12
Calculate the remainder when 3691 is divided by 1706.
279
What is the remainder when 11805 is divided by 438?
417
What is the remainder when 1014 is divided by 56?
6
Calculate the remainder when 32719 is divided by 65.
24
Calculate the remainder when 19264 is divided by 596.
192
What is the remainder when 1546 is divided by 21?
13
Calculate the remainder when 93014 is divided by 301.
5
What is the remainder when 1816 is divided by 19?
11
What is the remainder when 20210 is divided by 794?
360
What is the remainder when 6725 is divided by 2101?
422
Calculate the remainder when 13760 is divided by 28.
12
What is the remainder when 52227 is divided by 368?
339
What is the remainder when 107363 is divided by 45?
38
Calculate the remainder when 174252 is divided by 103.
79
What is the remainder when 3112 is divided by 882?
466
Calculate the remainder when 116270 is divided by 786.
728
Calculate the remainder when 199421 is divided by 38.
35
What is the remainder when 100410 is divided by 564?
18
Calculate the remainder when 21635183 is divided by 1819.
1816
Calculate the remainder when 21284 is divided by 245.
214
What is the remainder when 1171528 is divided by 37?
34
Calculate the remainder when 40507 is divided by 19.
18
What is the remainder when 28263 is divided by 27?
21
What is the remainder when 273032 is divided by 422?
420
What is the remainder when 10316819 is divided by 60?
59
Calculate the remainder when 120875 is divided by 99.
95
What is the remainder when 851310 is divided by 28?
26
What is the remainder when 24597 is divided by 123?
120
What is the remainder when 9852 is divided by 74?
10
Calculate the remainder when 48106 is divided by 15523.
1537
What is the remainder when 68481 is divided by 3112?
17
What is the remainder when 56424 is divided by 37?
36
What is the remainder when 56332 is divided by 14073?
40
What is the remainder when 6676024 is divided by 485?
484
What is the remainder when 1193 is divided by 14?
3
Calculate the remainder when 4895 is divided by 596.
127
Calculate the remainder when 160952 is divided by 64.
56
What is the remainder when 64294 is divided by 11?
10
What is the remainder when 84876 is divided by 469?
456
Calculate the remainder when 2354 is divided by 39.
14
Calculate the remainder when 577255 is divided by 144313.
3
What is the remainder when 6580 is divided by 29?
26
Calculate the remainder when 1175 is divided by 385.
20
What is the remainder when 50817 is divided by 12677?
109
Calculate the remainder when 23004 is divided by 1978.
1246
Calculate the remainder when 486617 is divided by 49.
47
Calculate the remainder when 492045 is divided by 1203.
18
Calculate the remainder when 519765 is divided by 64.
21
Calculate the remainder when 472158 is divided by 1528.
6
What is the remainder when 344512 is divided by 134?
132
Calculate the remainder when 3233 is divided by 98.
97
Calculate the remainder when 1712 is divided by 850.
12
Calculate the remainder when 4850 is divided by 964.
30
Calculate the remainder when 13434 is divided by 140.
134
Calculate the remainder when 2118 is divided by 53.
51
What is the remainder when 110906 is divided by 27726?
2
What is the remainder when 2767 is divided by 2751?
16
What is the remainder when 2948 is divided by 155?
3
Calculate the remainder when 255947 is divided by 64.
11
Calculate the remainder when 316098 is divided by 2066.
0
What is the remainder when 13620 is divided by 139?
137
What is the remainder when 1172270 is divided by 14?
8
Calculate the remainder when 6913 is divided by 74.
31
What is the remainder when 1568 is divided by 385?
28
What is the remainder when 33900 is divided by 506?
504
Calculate the remainder when 33398 is divided by 38.
34
Calculate the remainder when 2328286 is divided by 1264.
1262
Calculate the remainder when 4896 is divided by 99.
45
Calculate the remainder when 55777 is divided by 724.
29
What is the remainder when 2043 is divided by 979?
85
What is the remainder when 5608 is divided by 2796?
16
What is the remainder when 14755 is divided by 70?
55
Calculate the remainder when 107499 is divided by 337.
333
Calculate the remainder when 705746 is divided by 21.
20
Calculate the remainder when 126149 is div